17, 136163
What are the prime factors of 633174?
2, 3, 105529
What are the prime factors of 141089?
13, 10853
List the prime factors of 5477189.
5477189
What are the prime factors of 295895?
5, 23, 31, 83
What are the prime factors of 5666746?
2, 17, 166669
What are the prime factors of 113435?
5, 7, 463
What are the prime factors of 1403526?
2, 3, 233921
List the prime factors of 531097.
7, 17, 4463
What are the prime factors of 1719199?
127, 13537
What are the prime factors of 17264699?
17264699
List the prime factors of 14859640.
2, 5, 371491
List the prime factors of 8995620.
2, 3, 5, 313, 479
List the prime factors of 3283896.
2, 3, 7, 11, 1777
List the prime factors of 629713.
7, 89959
List the prime factors of 25842268.
2, 6460567
List the prime factors of 1717990.
2, 5, 171799
What are the prime factors of 499043?
79, 6317
List the prime factors of 1589646.
2, 3, 307, 863
What are the prime factors of 17635?
5, 3527
What are the prime factors of 314055?
3, 5, 7, 997
What are the prime factors of 24364638?
2, 3, 17, 983
List the prime factors of 43487.
43487
List the prime factors of 1814252.
2, 11, 41233
What are the prime factors of 1527526?
2, 7, 11, 13, 109
List the prime factors of 255660.
2, 3, 5, 4261
What are the prime factors of 13798514?
2, 283, 24379
What are the prime factors of 10790035?
5, 467, 4621
What are the prime factors of 23192283?
3, 7730761
What are the prime factors of 7216172?
2, 59, 30577
What are the prime factors of 163991?
163991
What are the prime factors of 467358?
2, 3, 77893
List the prime factors of 7985220.
2, 3, 5, 133087
List the prime factors of 3755262.
2, 3, 7, 53, 241
List the prime factors of 179390.
2, 5, 17939
List the prime factors of 2228593.
149, 14957
What are the prime factors of 429445?
5, 85889
What are the prime factors of 94958?
2, 79, 601
What are the prime factors of 550757?
550757
What are the prime factors of 423104?
2, 11, 601
List the prime factors of 3194811.
3, 354979
List the prime factors of 1317195.
3, 5, 11, 887
List the prime factors of 447687.
3, 5527
List the prime factors of 35285.
5, 7057
What are the prime factors of 21184003?
41, 347, 1489
What are the prime factors of 2551474?
2, 1275737
What are the prime factors of 6792426?
2, 3, 353, 1069
What are the prime factors of 186698?
2, 277, 337
List the prime factors of 125682.
2, 3, 20947
What are the prime factors of 6214160?
2, 5, 173, 449
What are the prime factors of 1404047?
17, 82591
What are the prime factors of 2329814?
2, 421, 2767
What are the prime factors of 3689660?
2, 5, 13, 23, 617
List the prime factors of 6918964.
2, 13, 19, 47, 149
List the prime factors of 139849.
107, 1307
List the prime factors of 2617263.
3, 11, 26437
What are the prime factors of 7735923?
3, 13, 37, 1787
What are the prime factors of 138682?
2, 69341
List the prime factors of 623128.
2, 11, 73, 97
What are the prime factors of 10146542?
2, 7, 23, 31511
List the prime factors of 3473204.
2, 7, 163, 761
List the prime factors of 354361.
7, 23, 31, 71
What are the prime factors of 469927?
19, 24733
What are the prime factors of 892021?
13, 59, 1163
List the prime factors of 1745840.
2, 5, 139, 157
What are the prime factors of 16472430?
2, 3, 5, 13, 19
List the prime factors of 446294.
2, 37, 163
List the prime factors of 2649570.
2, 3, 5, 7, 11, 31, 37
List the prime factors of 13365329.
59, 226531
List the prime factors of 4005297.
3, 445033
List the prime factors of 55178.
2, 47, 587
List the prime factors of 1309303.
571, 2293
What are the prime factors of 981302?
2, 7, 29, 2417
List the prime factors of 93887.
93887
List the prime factors of 750449.
7, 47, 2281
List the prime factors of 835986.
2, 3, 277, 503
List the prime factors of 307907.
163, 1889
List the prime factors of 2196619.
2196619
What are the prime factors of 18358250?
2, 5, 73433
List the prime factors of 10939.
10939
What are the prime factors of 182100?
2, 3, 5, 607
List the prime factors of 4679474.
2, 97, 24121
List the prime factors of 7814002.
2, 7, 53, 10531
List the prime factors of 3442204.
2, 167, 5153
What are the prime factors of 104862?
2, 3, 17477
What are the prime factors of 15180480?
2, 3, 5, 7, 251
What are the prime factors of 266812?
2, 7, 13, 733
List the prime factors of 42092793.
3, 197, 23741
List the prime factors of 7682643.
3, 37, 23071
List the prime factors of 613284.
2, 3, 7, 149
List the prime factors of 40602.
2, 3, 67, 101
What are the prime factors of 7254708?
2, 3, 604559
What are the prime factors of 293235?
3, 5, 113, 173
What are the prime factors of 159797?
11, 73, 199
What are the prime factors of 459510?
2, 3, 5, 17, 53
List the prime factors of 676337.
676337
List the prime factors of 2290381.
293, 7817
List the prime factors of 639326.
2, 293, 1091
What are the prime factors of 176031?
3, 19559
List the prime factors of 356309.
587, 607
List the prime factors of 3832254.
2, 3, 212903
List the prime factors of 502612.
2, 11, 11423
List the prime factors of 2715757.
11, 239, 1033
What are the prime factors of 128027?
17, 443
List the prime factors of 45155.
5, 11, 821
What are the prime factors of 330897?
3, 7, 2251
List the prime factors of 185605.
5, 7, 5303
List the prime factors of 3345942.
2, 3, 127, 4391
List the prime factors of 5253633.
3, 7, 11, 19
What are the prime factors of 581469?
3, 7, 27689
List the prime factors of 24458960.
2, 5, 41, 7457
What are the prime factors of 2023998?
2, 3, 73, 4621
What are the prime factors of 2456409?
3, 31, 61, 433
What are the prime factors of 1156203?
3, 128467
List the prime factors of 3003198.
2, 3, 11, 45503
What are the prime factors of 3290052?
2, 3, 274171
What are the prime factors of 5193320?
2, 5, 11, 29, 37
What are the prime factors of 1755958?
2, 23, 59, 647
What are the prime factors of 1799699?
11, 19, 79, 109
List the prime factors of 48448.
2, 757
List the prime factors of 356746.
2, 13, 13721
List the prime factors of 14661288.
2, 3, 157, 1297
What are the prime factors of 6731393?
29, 232117
List the prime factors of 1131656.
2, 17, 53, 157
What are the prime factors of 540074?
2, 270037
List the prime factors of 605444.
2, 7, 3089
List the prime factors of 87227.
7, 17, 733
What are the prime factors of 5284835?
5, 73, 14479
List the prime factors of 282483.
3, 31387
List the prime factors of 10267.
10267
What are the prime factors of 9342830?
2, 5, 7, 23, 829
List the prime factors of 217933.
217933
What are the prime factors of 993989?
139, 7151
What are the prime factors of 2618382?
2, 3, 13, 33569
What are the prime factors of 1122602?
2, 13, 43177
What are the prime factors of 694682?
2, 347341
List the prime factors of 12427557.
3, 4142519
What are the prime factors of 2127238?
2, 1063619
List the prime factors of 352037.
7, 50291
What are the prime factors of 93391?
61, 1531
List the prime factors of 128527.
7, 43, 61
What are the prime factors of 1600978?
2, 19, 42131
List the prime factors of 1100021.
13, 23, 283
What are the prime factors of 38159963?
43, 887441
List the prime factors of 617973.
3, 205991
What are the prime factors of 56357?
7, 83, 97
List the prime factors of 79579.
79579
List the prime factors of 133375.
5, 11, 97
What are the prime factors of 558243?
3, 7, 8861
What are the prime factors of 3696975?
3, 5, 5477
What are the prime factors of 241193?
29, 8317
List the prime factors of 43814.
2, 19, 1153
List the prime factors of 7148862.
2, 3, 7, 56737
What are the prime factors of 945074?
2, 13, 163, 223
What are the prime factors of 20823247?
29, 718043
List the prime factors of 1445817.
3, 481939
List the prime factors of 9232723.
293, 31511
List the prime factors of 706066.
2, 53, 6661
What are the prime factors of 179109?
3, 7, 2843
List the prime factors of 9869879.
269, 36691
List the prime factors of 1269695.
5, 7, 36277
List the prime factors of 91303.
91303
What are the prime factors of 596605?
5, 119321
What are the prime factors of 430642?
2, 197, 1093
List the prime factors of 14542201.
19, 765379
What are the prime factors of 161151?
3, 53717
What are the prime factors of 426453?
3, 142151
What are the prime factors of 163118?
2, 81559
What are the prime factors of 219606?
2, 3, 17, 2153
What are the prime f